2*n + 1. What is the remainder when 63 is divided by u(-2)?
11
Suppose 0 = -6*n - 8*n + 2632. Calculate the remainder when n is divided by 44.
12
Let x(u) = 19*u**2 - 3*u + 1. What is the remainder when x(2) is divided by -2*111/6*-1?
34
Suppose 34 = 2*j - 0*j. Suppose -1370 + 481 = -18*k + 605. Calculate the remainder when k is divided by j.
15
Let u(d) = 14*d - 669. Let t = 143 - 98. Calculate the remainder when t is divided by u(49).
11
Let r(g) = 3*g**2 - g - 3. Let f be r(-3). Suppose -2*h - 4*q + 23 = 3*h, q - 2 = 0. Let s = h + f. What is the remainder when s is divided by 11?
8
Let x(q) = 3 + q - 6 - 3 - 17*q. What is the remainder when x(-2) is divided by 14?
12
Let i = 12 + -25. Calculate the remainder when 7 is divided by i/(-3) + (-16)/(-24).
2
Let f(z) = z**2 - 2*z + 1. Let r be f(6). Suppose i - 5*l - 60 = 0, i - 2*l - 16 = 50. What is the remainder when i is divided by (1 - 0) + -2 + r?
22
Let l = -2 + 4. Suppose 3*y - 8*k = -3*k - 11, -3*y = l*k - 17. Let s = -21 + 35. Calculate the remainder when s is divided by y.
2
Suppose -3*r + 5*m = -90, 4*r + 0*r = 4*m + 120. Let s = r + -13. Calculate the remainder when s is divided by 5.
2
Suppose 3*r = 2*r + 2. Suppose -3*o + 15 = -2*v, 20 = 2*o + r*o. Suppose v = 4*p + j - 65, -2*p - j - j = -40. What is the remainder when 28 is divided by p?
13
Suppose -55*n = -53*n - 76. Let o(w) = 2*w + 1. What is the remainder when n is divided by o(6)?
12
What is the remainder when 55 is divided by (14/(-35) + 0)*-60?
7
Let x be (102/10 - -3)/((-6)/20). Let i = x - -81. What is the remainder when 184 is divided by i?
36
Let x = 60 - 32. What is the remainder when x is divided by 23?
5
Suppose -5*m = -23 - 7. Calculate the remainder when 49 is divided by 4/m + (-165)/(-9).
11
Let v = 614 - 457. Calculate the remainder when 484 is divided by v.
13
Suppose -2*l - 4*o + 50 = 0, 3*l = o + 35 + 26. Suppose 68 = a + l. What is the remainder when a is divided by 135/12 - 0 - (-9)/12?
11
What is the remainder when 438 is divided by 5 + -5 + -1 + 44 - 3?
38
Suppose l + l - 10 = 0. Let m(k) = 2 + k**3 - 11 + 4*k + 12*k**2 - l*k**2. What is the remainder when m(-5) is divided by 8?
5
Let g(d) = 7*d + 311. Calculate the remainder when g(-4) is divided by 139.
5
Suppose -5*r + 17 = -4*k, -2*k = -4*r + 21 - 5. What is the remainder when -2*(r - (-321)/(-6)) is divided by 14?
13
Let x = 30 - 30. Suppose -u - 41 = -3*h, h - 2*u = -x*h + 17. What is the remainder when h is divided by 8?
5
Let f(m) = -22*m + 9. Suppose -q - 6 = -0. Calculate the remainder when f(q) is divided by 36.
33
Suppose -80 = -5*k + k. Calculate the remainder when 38 is divided by 195/k - 3/(-12).
8
Calculate the remainder when ((-11)/5)/(1*(-22)/2420) is divided by 7.
4
Let q(y) = -7*y - 23. Suppose 0 = -3*n + 10 + 2. Calculate the remainder when q(-6) is divided by n.
3
Suppose 2*i - 10*q = -9*q + 1063, -1587 = -3*i - q. What is the remainder when i is divided by 59?
58
Let g be 3*(1 - 0) + 1. Suppose -g*n + 58 = 4*w + 6, -3*w = -n - 35. Let s(p) = 2*p**2 - 4*p + 1. What is the remainder when w is divided by s(3)?
5
Let n(v) = v**3 + v. Let x be n(-1). Let o be x/(-7) + (-6)/21. What is the remainder when 9 + -4 + o/(-1) is divided by 3?
2
Suppose 3*d = 6, -r - 39 = -2*d - 192. What is the remainder when r is divided by 20?
17
Suppose -6*u - 135 + 267 = 0. Suppose -2*h + 2*j = -32, 2*h + 2*j = 6 + 10. Calculate the remainder when u is divided by h.
10
Let z be ((-4)/(-10))/(2/10). Suppose 0 = z*d + 4*i - 12, -i = -0*d + 5*d - 12. Let n = 55 - 53. Calculate the remainder when n is divided by d.
0
Let s(a) = 24*a + 244. Calculate the remainder when s(-10) is divided by 2.
0
Let y be 1/2 - (-887)/2. What is the remainder when (-2)/1*79/(-2) is divided by 3/(-4) + y/16?
25
Suppose -4*c - 186 = -5*y + 69, 5*c + 250 = 5*y. Calculate the remainder when 185 is divided by y.
20
Let o(v) = v**3 - 6*v**2 - 7*v + 1. Let k be o(7). Calculate the remainder when k/((-37)/(-9) - 4) is divided by 3.
0
Suppose m + 39 + 16 = 4*v, 0 = m - 5. Calculate the remainder when 48 is divided by v.
3
Let u(y) = 6*y**2 + 4*y - 2. What is the remainder when u(2) is divided by 12?
6
Let g be 716/10 + (-4)/(-10). Suppose -a + 29 = 2*j, 2*a - j = 5*a - g. What is the remainder when 91 is divided by a?
22
Suppose t + 3*t = 28. Suppose -5*b = -t*b + 10. Suppose -106 = -b*w + o + o, -o = -w + 20. What is the remainder when 43 is divided by w?
21
Let d(n) = n**2 - 4*n - 6. Suppose -s = 3*l + 40, -26 = 5*l + 3*s + 34. Let i = l - -59. What is the remainder when i is divided by d(7)?
14
Let l = 115 + -135. Let g = l + 38. Calculate the remainder when 71 is divided by g.
17
Let l(w) = -w**2 - 5*w - 1. Let o(y) = -4*y - 1. Let a(t) = 2*l(t) - 3*o(t). Let u be a(3). What is the remainder when 43 is divided by (10 - -2)/3 - u?
13
Let k(m) = 3 + 13 - 50*m + 49*m - 4. Calculate the remainder when k(-26) is divided by 4.
2
Suppose 4*i - 3*b - 15 = 0, -5*i = -i + b - 11. What is the remainder when 1/(-2)*(-81 + i) is divided by 10?
9
Let i = -43 - -11. Let c = i + 53. Calculate the remainder when c is divided by 12.
9
Let l be 4*1 - (3 - 2). Suppose -17 = 5*b - 2, -2*v - 3*b + l = 0. Calculate the remainder when 11 is divided by v.
5
Let i = -36 + 54. Let u be (-3)/(3/(-103)) + 1. Suppose -o - u = -3*o. What is the remainder when o is divided by i?
16
Suppose 11*w - 443 = 41. Let k be (14/4)/(1/(-10)). Let d = k + w. Calculate the remainder when d is divided by 6.
3
Suppose -v - 7 - 5 = 0. Calculate the remainder when 17 is divided by 42/(-4)*8/v.
3
Let t be (4/(-3))/((-6)/9). Suppose t*n + n = 39. Let h = -28 + 51. Calculate the remainder when h is divided by n.
10
Let g be (-8)/28 + (-380)/(-7). Calculate the remainder when 18 is divided by (-3)/(g/(-15))*6.
3
Let t = 1 - 0. Calculate the remainder when ((-780)/(-455))/(24/28) is divided by t.
0
Let x(y) = y**3 - 6*y**2 - y + 14. Calculate the remainder when (-4)/18 + (-400)/(-18) is divided by x(6).
6
Let a(d) = 209*d**2 + 2*d - 1. Calculate the remainder when a(1) is divided by 63.
21
Suppose -984 = -11*w + 3*w. Let o = 44 + -13. Calculate the remainder when w is divided by o.
30
Suppose -6*r = -5*r - 5. Suppose -4*j = -r*j - 11. Calculate the remainder when 38 is divided by -2 + 0 - -4 - j.
12
Let c(y) = 20*y**2 - 29*y + 116. Calculate the remainder when c(4) is divided by 46.
44
Let y = -2704 - -2776. Suppose -5*z = 20, 4*s + z = -z + 52. What is the remainder when y is divided by s?
12
Suppose -1525 = -16*s - 613. Suppose 4*k = 3 + 5. Let c(h) = 3*h**3 - 2*h**2 + h + 2. Calculate the remainder when s is divided by c(k).
17
Let v(h) = h**3 - 5*h**2 - 5*h. Let o be v(6). Let y be 3*o/9 - 1. Suppose 2*z - 7 = -y. What is the remainder when 9 is divided by z?
0
Let l = 163 + -120. Calculate the remainder when l is divided by 24.
19
Let c(u) = u**3 + 6*u**2 - 10*u - 9. Let g = 11 - 2. Let h = g - 1. Calculate the remainder when c(-7) is divided by h.
4
Let d(q) be the second derivative of -q**5/10 - q**4/3 - q**3/6 + 2*q. Let x(o) = 3*o - 6. Let c be x(1). Calculate the remainder when 60 is divided by d(c).
18
What is the remainder when ((-18)/(-27))/(-4*3/(-774)) is divided by 9?
7
Suppose 9*f = 546 + 1470. Calculate the remainder when f is divided by 15.
14
Suppose -1486 + 586 = -18*i. What is the remainder when 148 is divided by i?
48
Let d = -43 + 48. Suppose -466 = -d*u + 14. Calculate the remainder when u is divided by 33.
30
Suppose -14*q + 6 = -n - 9*q, 33 = 3*n + 2*q. Calculate the remainder when 454 is divided by n.
4
Suppose -5*h + 0*h = 0, 3*v - 237 = -h. Let x(r) = r**3 - 3*r**2 - 6*r. What is the remainder when v is divided by x(5)?
19
Let b be (2/(-5))/((-3)/30). Let h = b + 3. Let s = h - 4. Calculate the remainder when s is divided by 2.
1
Let a(w) = 2*w + 4. Let k = 226 + -196. What is the remainder when k is divided by a(2)?
6
Suppose 0 = 3*y - 9, -5*o + 5*y = 3*y - 169. Suppose 28 + o = 9*h. What is the remainder when h is divided by 5?
2
Let s = -5 - -5. Suppose -2*i = c - 56, -5*i = -s*c + 3*c - 172. What is the remainder when c is divided by 272/12 - 4/6?
20
Suppose 3*b = 5*g + 9, 0 = -b + 2*b - 3. Let f be (0 - g/(-1)) + 0. Suppose -3*k + f*t + 74 = 2*t, -k + 14 = -2*t. What is the remainder when k is div